(u). Give b(-1).
-9
Let m(o) be the second derivative of -o**5/5 + o**4/6 + o**3/6 + 54*o. Determine m(-1).
5
Let v(w) = -w**2 - w. Let a(s) be the first derivative of 2*s**3/3 + s**2 + 2*s + 3. Let j(r) = a(r) + v(r). Determine j(0).
2
Let c(w) = -2*w - 3. Let k = -65 - -62. Determine c(k).
3
Let l be -7*((-12)/7 + 0). Let q be l/(-9) + 2/6. Let a(y) = y**3 - y**2 + 1. Determine a(q).
-1
Let z(c) = c**2 + 4*c**2 - 4*c**2 + c + 0*c - 3. What is z(-3)?
3
Let g(m) = -m**2 - 4*m - 1. Let q be 0/((-6)/(-2) + -2). Suppose -2*o - 2 - 8 = q. Determine g(o).
-6
Let x(m) = -m**2 - m + 11. Let u be x(0). Let h(w) = w + 7. Let k be h(-4). Suppose k*b + 2*b + 5 = 0, -3*d + 2*b = -u. Let p(c) = -4*c + 3. What is p(d)?
-9
Let m(g) = 2*g**2 + 0*g + g + 0*g. Suppose -f - 5*r = -3, 2*f - 4*r + 2*r + 6 = 0. Give m(f).
6
Let q(h) = 10*h - 4*h**3 + 3 - 15*h + 3*h**3 + 5*h**2 + 0*h**3. What is q(3)?
6
Let r(q) = 3*q + 0*q + 0*q. Suppose 5*k = 3*v - 8*v, 4*v + 8 = 4*k. Calculate r(k).
3
Let y(j) = -j - 3. Let n be y(-4). Suppose -n = p + 3. Let g(s) be the first derivative of 2*s**3/3 + 5*s**2/2 - s + 15. Calculate g(p).
11
Let f(j) = -30 + 10 + 19 + j**2 + 4*j. What is f(-2)?
-5
Let y(p) be the first derivative of -p**2 + 3*p + 1/2*p**4 - 2/3*p**3 - 3. Calculate y(2).
7
Let g(f) = 10*f - 11. Let d(k) = 5*k - 5. Let h(c) = 9*d(c) - 4*g(c). Suppose 2*l + 0*l + 5*n = 12, -2*l + 5*n - 8 = 0. Give h(l).
4
Let j(x) = x**2 - 3*x - 7. Let b be 3/5 - 508/(-20). Suppose 0 = 4*m - b + 6. Determine j(m).
3
Let u(z) = -4*z + 28 + 0*z - 24 - z**2. What is u(-4)?
4
Let v(q) = -q**2 + 3*q - 2. Let r be v(2). Let u(t) = 2 - 3 - 3*t + 6 + r. What is u(5)?
-10
Suppose 0 = w + 3*c - 0 - 14, 4*w + c - 1 = 0. Let s(q) = 4*q**2 - 4*q - 1. Let p(z) = 5*z**2 - 3*z - 1. Let l(g) = 4*p(g) - 3*s(g). Calculate l(w).
7
Suppose 2*w - 4*j - 6 = -3*j, -5*w - 11 = 4*j. Let y(i) be the second derivative of -3*i**5/20 + i**4/12 + 61*i. What is y(w)?
-2
Let z(w) = -2*w - 49 + 42 + 3*w. Give z(3).
-4
Let r = 13 - 9. Suppose 4*k = 4 + 8. Let f(z) = 1 - k*z - z**3 + 0 + 5 + r*z**2. Determine f(4).
-6
Let l(k) = -k**3 + 4*k**2 - k + 2. Let d be (-48)/(-22) + 4/(-22). Determine l(d).
8
Let f(j) = j**3 - 4*j**2 + 15*j - 4. Let s(k) = -3*k**3 + 13*k**2 - 44*k + 12. Let w(i) = -17*f(i) - 6*s(i). Determine w(9).
-4
Suppose 3*b + 2*b = 0. Let w be 2/12*2*6. Let u(x) = -5 + 4*x + 3*x**w - 4*x**2 - 5*x. Calculate u(b).
-5
Let s(u) be the third derivative of -u**5/60 + 7*u**4/24 - u**3 - 5*u**2. Calculate s(7).
-6
Let t(p) = -477*p + 161*p + 153*p - 8 + 154*p + p**3 + 6*p**2. Calculate t(-7).
6
Let b(q) = 2*q**2 + q + 5. Let n(x) be the second derivative of -x**4/6 - 2*x**2 + x. Let i(h) = 3*b(h) + 4*n(h). Let y = 6 - 4. Give i(y).
-3
Let d(u) = u**3 + 4*u**2 + 2*u + 3. Let w be d(-3). Let t(g) = -g**2 + 5*g. What is t(w)?
-6
Let s be (-1)/(3 - (-26)/(-8)). Suppose -s*g - 3*k = 2, -2*g - 2*k + 2 = -g. Let o(p) = -3*p**2 - p. Determine o(g).
-10
Let k(h) = -h**3 + 5*h**2 - 5*h + 4. Let c be k(4). Let i(l) = 9*l**2 + 0*l**2 + 7 + l**3 - 9*l**2. Calculate i(c).
7
Let j(q) = -q**3 + 3*q**2 + q - 1. Suppose 22 = -5*o - 98. Let r be o*(-2)/(-8)*-2. Suppose -2*h + 3*v = -3, 3*h + 0*v - r = -3*v. Give j(h).
2
Let t(p) = p**3 - 2*p**2 + 2*p + 1. Let s be t(2). Let j(l) = 9*l - 5. Let c(o) = 5*o - 2. Let v(a) = 7*c(a) - 4*j(a). What is v(s)?
1
Let q(d) = 7*d**3. Let i be (-12)/(-3 + 7) - -5. Let x be 1 + i + (3 - 5). Give q(x).
7
Let g = 11 + -7. Suppose 5*t + 4*s = 3 - 1, -4*t - g*s = 0. Let a(i) = -i**2 - 4*i - 2. Let r(o) = -3*o**2 - 11*o - 6. Let c(v) = 8*a(v) - 3*r(v). Give c(t).
8
Let d(n) = -n**2 - n + 2. Let j(z) = z**3 + 3*z**2 + 3*z + 5. Let y be j(-3). What is d(y)?
-10
Let o(f) = f**2 - 6*f - 1. Let v = 2 - -3. Calculate o(v).
-6
Let p(d) be the second derivative of -d**5/20 - d**4/12 - d**3/6 + 17*d**2/2 - 27*d. What is p(0)?
17
Let x(f) = -8*f. Let u be 5 + -7 - (0 + -6). Suppose 2 = u*c + 6. Let m be -8 - -6 - (c + 0). Calculate x(m).
8
Let d(t) = -t. Let r(l) = 9*l - 1. Let j(c) = -5*d(c) - r(c). Suppose -5*b + 2*u = 18, -4*b - u = 3*u - 8. Let x be -2 + -1*b/2. Calculate j(x).
5
Let b = -7 + 10. Let y be 5*6/(-45)*b. Let l(z) = z + 4. Let f(c) = -3. Let w(v) = -3*f(v) - 2*l(v). Calculate w(y).
5
Suppose -10 = 5*k - 10*k. Let r(z) be the third derivative of 1/3*z**3 + 0*z + 1/24*z**4 + 1/60*z**5 + 0 - k*z**2. Give r(-2).
4
Let u(b) = 8 + 21*b - 6 - 20*b. Give u(9).
11
Let z(w) = w**3 - 5*w**2 - 8*w + 8. Let l = -157 - -238. Let d be l/18*(-4)/(-3). Give z(d).
-4
Let i be 13/4 + 3/(-12). Let g be 4/12*0 - i. Let o(s) = -5*s - 3. Give o(g).
12
Let q(m) = m**3 - 5*m**2 + 3*m + 1. Let d(y) = y**2 - 7*y - 9. Let i be d(7). Let a = -6 - i. Give q(a).
-8
Let n be ((-1)/2)/(3/(-18)). Let i(z) = -2*z + 1. Let q(x) = 7*x - 3. Let g(p) = 8*i(p) + 3*q(p). Let d(w) = -3*w + 1. Let f(s) = -8*d(s) - 5*g(s). Give f(n).
-6
Let g(f) = f**2 + 2*f + 2. Suppose u - 3*u = 4. Let q be g(u). Let b(m) = -m**3 + 3 + 6*m**2 - 6*m**2 - 3*m + 2*m**2. Determine b(q).
-3
Let g be ((-6)/(-18))/((-2)/6). Let z(a) = -1. Let q(f) = 3*f + 9. Let i(u) = g*q(u) - 6*z(u). Suppose -6*n + 2*n - 12 = 0. Calculate i(n).
6
Let q(w) = w**2 - 4*w + 6. Suppose 5*j = 2*k - k - 13, -5*j = 10. Suppose 3*d - 24 = -4*b, -2*d + 2*b - 1 + k = 0. Calculate q(d).
6
Let z(t) = -t**2 + 2*t + 9. Let a be z(4). Let q(x) = -x - x + a + 10*x**3 - 3*x + 3*x. Determine q(1).
9
Let o(f) = -f - 6. Let z be o(-6). Suppose -s = s + 3*k - 10, 2*k - 4 = z. Let d(g) = 8 - 6*g - 1 + g - g**3 - 6*g**s. What is d(-5)?
7
Let q(y) = 2*y + 0 - 2*y**2 + 0*y + 1. Let m be q(-1). Let d(l) be the third derivative of -l**5/60 - l**4/12 - 2*l**3/3 - 20*l**2. Give d(m).
-7
Suppose 0 = -4*v + 2*v. Let a = -3 - -8. Suppose 2*u - f - a = -v*u, -3*u - 2*f = -18. Let r(w) = w**2 - 3*w - 1. What is r(u)?
3
Let m(z) be the first derivative of -z**2 - 4*z + 22. Let u be -3 + (6 - -1) + -1. Determine m(u).
-10
Let l(r) = 3*r**2 + 9*r - 16. Let s(g) be the second derivative of g**4/12 + g**3/2 - 5*g**2/2 - 2*g. Let q(w) = 2*l(w) - 7*s(w). Calculate q(-3).
3
Let k(t) = -t**2 - 3*t - 1. Suppose 0 = -5*u - 4 - 11. Determine k(u).
-1
Let c = -33 - -53. Let p be 10/c + (-14)/(-4). Let u(q) = q - 1. What is u(p)?
3
Let i(k) = -3*k + 21. Let w(j) = 2*j - 14. Let b(h) = -5*i(h) - 8*w(h). Calculate b(6).
1
Let b(l) = l + 3. Let a be b(-8). Let d = -9 - a. Let p(v) = v**2 + 3*v - 1. Give p(d).
3
Let i(o) = -o**3 - 10*o**2 - 9*o. Suppose -9 + 0 = d. Determine i(d).
0
Let f(q) be the first derivative of -q**5/20 - q**4/2 - 7*q**3/6 - 5*q**2/2 - 3*q + 1. Let l(b) be the first derivative of f(b). What is l(-4)?
-9
Let z be ((-40)/(-25) + 0)*5/2. Let o(v) = 2*v - 2. Give o(z).
6
Let q = 1 - 6. Suppose -3*p + 7 = 22, -p + 5 = 5*i. Let u(z) = -3 + i*z + 5*z**2 + 3*z**3 - 2*z**3 - 5*z. What is u(q)?
12
Let c(b) be the first derivative of b**2/2 - 9*b - 2. Let x = 16 - 8. Let g be c(x). Let d(i) = 9*i**2 - 1. Give d(g).
8
Let u(j) be the second derivative of -3*j**3/2 - j**2/2 + j. Suppose 0 = -7*l + 5*l - 4*o - 18, l = -3*o - 14. Give u(l).
-10
Let l(p) be the first derivative of p**4/4 - 2*p**3 + 3*p**2 - 5*p - 6. Calculate l(5).
0
Suppose -6 - 4 = -u. Let o(s) = s**2 - 10*s - 12. Calculate o(u).
-12
Let l(o) = o**2 - o - 1. Let s(z) = -14*z**3 + 3*z + 3. Let d(c) = -5*c**3 + c + 1. Let f(n) = -17*d(n) + 6*s(n). Let p be f(-1). Determine l(p).
1
Let w(m) = 8*m - 10. Let o(f) = 3*f - 3. Let r(a) = -10*o(a) + 3*w(a). Determine r(1).
-6
Suppose -2*f + 4*b + 15 = 5, b = -3. Let l(m) = -m**2 + 81*m**3 - 40*m**3 - m - 39*m**3. Give l(f).
-2
Let l(a) be the first derivative of a**3/3 - a**2 - 2*a - 1. Let o(n) = n**3 + 4*n**2 - 4*n + 5. Let z be o(-5). Let u = z + -2. Calculate l(u).
6
Let m(f) be the second derivative of f**5/20 + f**4/3 + f. Let p(j) = j**3 - 12*j**2 + 11*j + 4. Let b be p(11). Let d be (b + -10)*3/6. What is m(d)?
9
Let d(z) = -3*z**3 + z + 1. Suppose 5*l + 30 = 5*k, 2*k + 2*l = -0*k. Let h be (7/(-3) - -2)*k. What is d(h)?
3
Suppose t - 9 = -2*o + o, 3*t = -5*o + 23. Let i(v) = 5*v - 4. Let k(d) = -14*d + 12. Let f(w) = t*i(w) + 4*k(w). Give f(-4).
8
Suppose -5*q - 8 - 22 = 0. Let y(k) = -k**2 - 5*k + 8. Calculate y(q).
2
Let s(j) be the second derivative of -j**6/360 + j**5/24 + j**4/4 - j**3/2 -